t m be a(-3). Let x be m - (0 + 2) - -2. What is the remainder when 25 is divided by 3/5*(x - -13)?
7
Let t(p) = 4*p**2 + 7*p - 6 - 5*p**2 + 11*p - 15. Calculate the remainder when 95 is divided by t(15).
23
Suppose o + 12 = 4*o. Suppose -3*l + 0*l - 21 = -4*p, o*p + l = 25. Calculate the remainder when p is divided by 2.
0
Let g(w) = 2 + 1 - 4 + 2 - 5*w. Calculate the remainder when 32 is divided by g(-2).
10
Suppose 18 = q + 3*r, -2*q + 4*q + 4*r - 30 = 0. Suppose 0 = -0*n + 3*n - q. Calculate the remainder when 5 is divided by n.
2
Suppose 2*s = 4*j - 2, 0*s - 3*s = 4*j - 47. What is the remainder when 78 is divided by s?
6
Let v = 4 - 5. Let r be 61/4 - v/(-4). Suppose -5 = g - r. What is the remainder when g is divided by 6?
4
Let h = -240 - -272. Let z = 32 - 15. Calculate the remainder when h is divided by z.
15
Suppose 3*k - 324 = -0*k. Let o = -146 + 183. Calculate the remainder when k is divided by o.
34
Let z = 4 + 1. Suppose -4*s + 185 = -2*w + z, 192 = 4*s - 5*w. What is the remainder when s is divided by 23?
20
Let d(s) = 13*s**3 - s**2 - s + 1. Calculate the remainder when 44 is divided by d(1).
8
Suppose 0 = 4*w - 4*u - 32, -2*u + 0*u + 9 = 3*w. Suppose 2*r - 13 + w = 0. Calculate the remainder when 11 is divided by r.
3
Let f(c) = c**2 + 5*c + 8. Calculate the remainder when 54 is divided by f(-6).
12
Let p(z) = -z**3 - z**2 + z + 17. Suppose 40 = -2*a - 2*a. Let n be (2 - a/(-4))*0. Calculate the remainder when 49 is divided by p(n).
15
Suppose 3*g = 6, 3*g = 5*u - 0*g - 39. What is the remainder when 26 is divided by u?
8
Let g = 40 + -29. Calculate the remainder when g is divided by 5.
1
Let u = 28 - 12. What is the remainder when 25 is divided by u?
9
Suppose -4*l - 34 = -q, -3*q = 2*l - 166 + 36. Calculate the remainder when q is divided by 23.
19
Let b = -15 + 20. What is the remainder when 14 is divided by b?
4
Let v(g) = -g**3 + 4*g**2 + 6*g - 2. Let o = -13 + 9. Let j(s) = -s**2 - 5*s - 2. What is the remainder when v(5) is divided by j(o)?
1
Let g(m) = m**2 - 3. Let v be g(3). Suppose 10 = -5*i + v*i. Calculate the remainder when 28 is divided by i.
8
Suppose -15 = 4*j - 8*j - u, -3*j = 5*u - 7. What is the remainder when 7 is divided by j?
3
Suppose -u + 1 = -5*i, 2*i + 6 + 8 = -3*u. Calculate the remainder when 29 is divided by -4 - 19/(3 + u).
14
Suppose r + 8*y - 3*y = 26, 4*y = 5*r - 275. Suppose -104 = -3*j - 5*j. Calculate the remainder when r is divided by j.
12
Let y(h) = -h**3 - 5*h**2 - 4*h - 5. Suppose 5*u = 2*u - 12. Let o be y(u). Calculate the remainder when 2/o + (-47)/(-5) is divided by 5.
4
Let m = 4 - 2. Let o be (-2)/(-4) + (-3)/m. Let x(k) = -20*k**3 - k**2 - k. Calculate the remainder when x(o) is divided by 11.
9
Let f(o) = o**3 + 11*o**2 + 12*o - 10. Let v be f(-9). Suppose v = 4*p - 2*p. What is the remainder when p is divided by 12?
10
Let r(d) = -d**3 + 5*d**2 + 7*d - 2. Let u = 15 + -3. What is the remainder when r(5) is divided by u?
9
Suppose -3*s + 2*p + 10 = 0, s = 3*p + 2*p + 12. Suppose 20 = -7*v + 48. What is the remainder when v is divided by s?
0
Let c = 4 + 14. Suppose -2*m = 4*n - c, -5*n + 11 = -2*n + 2*m. What is the remainder when 19 is divided by n?
5
Let v be 0/(1/(1/2)). Suppose 6 = b - v. What is the remainder when b is divided by (-4)/(-18) - (-68)/18?
2
Suppose 3*r - 6 - 6 = 0. Suppose -16 = -4*q - b - 2*b, 0 = -r*q + b. Let a = -3 + 4. What is the remainder when q is divided by a?
0
Suppose -k = 3*d - 37, 0 = -4*d + 2*d + 4*k + 20. Suppose 2*y + 0*r - 74 = -4*r, 0 = -3*r + 3. What is the remainder when y is divided by d?
11
Let g be 32/2*(-2)/(-2). Suppose -3*k + 87 = 5*p, 5*p = -5*k + 119 + g. What is the remainder when 46 is divided by k?
22
Let l(i) = -2*i**3 + 7*i**2 - 11*i + 5. Let x(p) = p**3 - 4*p**2 + 6*p - 3. Let v(z) = -4*l(z) - 7*x(z). What is the remainder when v(2) is divided by 5?
3
Let q(y) = -y**3 + 7*y**2 - 5*y - 1. Let d be q(6). Suppose -4*o + 3 = -d*o. Calculate the remainder when 14 is divided by (-9)/(-2) - o/6.
4
Calculate the remainder when 49 is divided by 6/(-14) + (-775)/(-175).
1
Calculate the remainder when (-6 + -5)/(2/(-8)) is divided by 15.
14
Calculate the remainder when (-2295)/(-36) + ((-10)/8)/(-5) is divided by 34.
30
Suppose 4 = -2*m - 10. Let s(j) = j**3 + 8*j**2 + 4*j - 8. What is the remainder when 25 is divided by s(m)?
12
Let c be (-6)/(-4)*8*21. Suppose -10*w + 12*w = c. What is the remainder when w is divided by 32?
30
Let h be 1 + 2 - (-3)/3. Suppose -h*x + 0*x + 292 = 0. Calculate the remainder when x is divided by 25.
23
Let x be 3/2*2/(-3). Let a = x + 14. Let u = 23 - a. What is the remainder when 17 is divided by u?
7
Suppose -2*v + 35 = -6*t + 3*t, 0 = 3*t + 15. Calculate the remainder when v is divided by 0 - (-1 - -1 - 4).
2
Suppose 0 = -b + 3*b - 74. What is the remainder when b is divided by (2/6)/(31/30 - 1)?
7
Let p be (6/(-9))/((-4)/18). Suppose p*z - 6*z + 95 = 4*t, z = -5*t + 28. Let h = -19 + z. What is the remainder when h is divided by 5?
4
Suppose 7*k - 24 = 4. Suppose -113 = -i - t, -k*t - 43 = -4*i + 385. What is the remainder when i is divided by 28?
26
Let g be 45/35 + 4/(-14). Suppose c = 5 - g. Calculate the remainder when 14 is divided by c.
2
Let p(f) = 3*f**2 + 6*f + 6. Suppose -8 = -4*m + 2*m. Suppose 3*h - 35 - 21 = -m*i, 76 = 5*h - 2*i. What is the remainder when p(-4) is divided by h?
14
Let i(x) = -x**3 + 9*x**2 + x - 19. What is the remainder when i(8) is divided by 18?
17
Suppose 4*s - 216 = -4*s. Calculate the remainder when 102 is divided by s.
21
Let t = -8 - -5. Let m = t - -33. Let l(q) = q**2 + q + 4. Calculate the remainder when m is divided by l(-4).
14
What is the remainder when 64 is divided by (5 - 5) + (-2 - 0 - -19)?
13
Let k = 23 + 11. What is the remainder when k is divided by 5?
4
Suppose 14 = -4*v + 58. Let z(f) = f**2 + 4*f - 1. Suppose 2*q + 3*y = -2*q - 14, q = y - 7. Calculate the remainder when v is divided by z(q).
3
Let p(n) = -n**3 + 13*n**2 - 13*n + 14. Suppose 0 = 7*i - 3*i + 2*m - 30, -i + 30 = 5*m. Calculate the remainder when i is divided by p(12).
1
Let c(a) = 2*a + 13. What is the remainder when 23 is divided by c(0)?
10
Let s = 71 - 41. What is the remainder when 57 is divided by s?
27
Suppose 4*r = -i + 19, i + 2 = 3*r - 7. Suppose -3*b + 11 = -2*b + c, c - 29 = -i*b. What is the remainder when 17 is divided by b?
8
Let d be 0 + 1 + (-3)/1. Calculate the remainder when ((-18)/27)/((-2)/39) is divided by (d - -3) + 8/2.
3
Suppose 0 = 5*k + 5*d - 115, -4*d + 3*d - 4 = 0. Let c = k + -7. What is the remainder when 79 is divided by c?
19
Suppose 5*h = 3*h + 20. Calculate the remainder when (3*(-3)/36)/(1/(-116)) is divided by h.
9
Let m = 6 - -2. Suppose 5*c + 3*i - 99 = 0, 2*i = -3*c - 0*c + 59. Calculate the remainder when c is divided by m.
5
Let f(b) = -b**3 + 2*b**2 + 3*b - 1. Let s be f(3). What is the remainder when 2*s + (1 - -18) is divided by 9?
8
Suppose -3*p = -p - 3*x + 3, -5*p - 5 = -5*x. Suppose m = 8 + 20. What is the remainder when m is divided by p + (-20)/(-2*1)?
8
Suppose -5*k + 40 = -l, 4*l - 3*k + 122 + 21 = 0. Suppose 0 = 2*m - 0*m - 30. What is the remainder when l*4*(-1)/5 is divided by m?
13
Let a be (12/(-15))/(4/(-10)). Suppose w - 2*t = 31 - 10, -a*t + 12 = 2*w. Calculate the remainder when w is divided by 2/(-4)*14*-1.
4
Let p = 9 - 5. Suppose -l + 110 = p*l. What is the remainder when l is divided by 6?
4
Suppose -5*h + 136 = -3*f, -2*f - 55 = -2*h - f. Let v(i) = 7 + 4*i**2 + 6*i - 5*i**2 - 2. What is the remainder when h is divided by v(5)?
9
Calculate the remainder when 37 is divided by 2 + (-39)/18 - 61/(-6).
7
Let d = -10 + 18. What is the remainder when 21 is divided by d?
5
Suppose b - 15 - 4 = 0. Calculate the remainder when b is divided by -3*(0 + 10/(-6)).
4
Let h be (-2)/7*56/(-8). Suppose -h*m + 5*m = -6. What is the remainder when (4 - 3)*m*-4 is divided by 3?
2
Let p = 77 + -37. Calculate the remainder when p is divided by 25.
15
Suppose 0*i + 4*i = 52. Let v(h) = 6*h + 7. Calculate the remainder when v(5) is divided by i.
11
Let n be (-26)/(-7) + (-12)/(-42). Suppose -2*j = n*u - 24, u + 1 = -j + 18. What is the remainder when j is divided by 8?
6
Suppose 0 = -5*a - 3*v + 5*v + 129, 8 = -4*v. What is the remai